 l(c) = -c - 2*c**2 - 3*c**2 + 2*c**3 + 3*c**2. Determine l(n).
6
Let j(g) = g**3 + 7*g**2 - 7*g + 6. Let a be (2 + -1 - 1) + -8. Determine j(a).
-2
Let s(l) = l**2 - l - 4. Suppose 31 + 13 = 11*r. What is s(r)?
8
Let j(w) = w**2 + 7*w - 76. Let b be j(6). Let z(p) = 8*p - 4. Give z(b).
12
Let n(d) = -d**3 - 12*d**2 - 15*d - 5. Let j be n(-10). Let f be (-340)/j - (-4)/(-22). Let z(k) = -k**2 + 7*k + 7. Calculate z(f).
13
Let l(z) = z**3 + 3*z**2 + 2*z + 1. Suppose 18 = -4*c - p - 0, 4 = -3*c + 4*p. Suppose -2*a = 3*a - 45. Let h be (a/(-6))/(c/(-8)). Calculate l(h).
-5
Let z(y) = -4*y**2 + 19*y - 1. Let f be z(5). Let w(d) = 2*d**2 + 12*d - 6. What is w(f)?
-6
Suppose -2 = -b - 7. Let h = -11 - b. Let q(z) = -4*z - 52 - 53 + 108 + 5*z**2 + z**3. Give q(h).
-9
Let f(w) = -2*w**2 + 3*w + 2. Let y(i) = i**2 - 2*i - 1. Let r(b) = -3*f(b) - 5*y(b). Let u(g) = -3*g**2 - 6*g - 2. Let h(s) = -2*r(s) - u(s). What is h(-5)?
9
Let n(s) = -5*s**3 + 2*s**2 + s + 3*s**3 - 2*s**3. Let o(r) = 20*r**2 - 119*r - 7. Let h be o(6). Calculate n(h).
5
Let r(l) be the first derivative of -l**4 + 5*l**3/3 - 5*l**2/2 - 20*l + 36. Let i(t) = 5*t**3 - 6*t**2 + 6*t + 21. Let q(w) = -5*i(w) - 6*r(w). What is q(0)?
15
Suppose 10 + 19 = n + 5*r, -3*n - 3*r = -27. Let k(s) = n*s**3 - 2*s**2 + 4*s**3 + s**2. Suppose 4*t - 2*t = -2. Determine k(t).
-9
Let t be -4*5/(40/(-6)) + -4. Let d(r) = 27*r + 1. What is d(t)?
-26
Let m(o) = -o + 7. Suppose 0 = 3*r - 2*i - 15, 2*r + 10*i = 13*i + 5. Calculate m(r).
0
Let b(i) = -i - 1 - 6*i + 2*i + 4*i. Let s(x) = 7*x + 1. Let u(a) = 6*b(a) + s(a). Calculate u(4).
-1
Let x(n) = n**2 + 2*n - 4*n + 8 - 5*n + 0*n. Let c be x(6). Let a(t) = 4 - 5 - t + c. Determine a(4).
-3
Let v = -245 - -247. Suppose -a + 4*a = 0. Let i(n) = -2*n + 2*n**3 + a*n - 7 + n**v + 8*n**3 + 8. Give i(1).
10
Let b(o) be the third derivative of 0*o + 5/24*o**4 + 0 + 1/3*o**3 - 1/60*o**5 - 10*o**2. Calculate b(4).
6
Let u(o) = -o**3 + 4*o. Let m(j) = -j**2 - 1 + 157*j + 0*j**2 - 156*j. Let w(t) = -3*m(t) + u(t). Give w(4).
-9
Let f be 3 + (4/6)/(48/(-72)). Let m(g) be the first derivative of -7/3*g**3 + 8 - 11*g - 7/2*g**f + 1/4*g**4. Give m(8).
-3
Suppose 11 = r + 2*j, 0 = r + 3*j - 16 + 4. Suppose 0 = -0*m + m - r. Let p(c) = -c - 5. Let w(i) = -2*i - 11. Let b(s) = m*p(s) - 4*w(s). Calculate b(-3).
2
Let g(n) = n**3 - 4*n**2 + 3*n + 2. Let m = 1 - 4. Let z be (-40 - 0)/(-5 - m). Let w = -17 + z. Calculate g(w).
2
Suppose -5*v - 56 = 9*v. Let m(s) = -s**2 - 2*s - 2. Calculate m(v).
-10
Let j(z) = -z**2 - 12*z - 5. Suppose -3*g - 35 = 2*c - 4, -10 = 5*g - 5*c. What is j(g)?
30
Let a be 8/(-20) + 44/10. Let l(u) = -9 + a*u + 3*u - 6*u - 4 - u**3. Let p be (-3)/(-3)*-1 - -1. Give l(p).
-13
Let a(d) be the second derivative of -d**3 - d**2/2 - d. Let s(r) = 3*r**2 - 2*r - 1. Let q be s(-1). Let w be q + -6 + 1 + 2. What is a(w)?
-7
Let b = 15 + -6. Let d(w) = b*w - 6*w - 4*w. Let k be 2*(-1 - 2/4). Determine d(k).
3
Let i(p) be the third derivative of 3*p**5/10 - p**3/6 + p**2 + 2*p. Suppose 3*d + 20 = 5*u, 5*d + 9 = 4*u + 4*d. What is i(u)?
17
Let n(w) be the second derivative of w**5/60 - w**4/2 + 5*w**3/3 - 18*w**2 + 16*w. Let u(q) be the first derivative of n(q). Determine u(10).
-10
Let v be 6/(-9) + (-55)/(-15). Let g(d) = -3 + 5*d - v*d - 4 + 1. Suppose -2*i = -12 - 2. Determine g(i).
8
Let x be 4/16*-10*224/(-40). Let i(b) = -b**2 + 14*b - 14. Give i(x).
-14
Suppose v - 9 = -0*v + 4*g, 3*v - 1 = -g. Let o(b) be the first derivative of -9*b**2/2 - b - 24. Give o(v).
-10
Suppose -5*y = 20, -4 = 3*x + x + 2*y. Suppose -5*n - 10 = 0, 3*s + x = -n - 4. Let h(o) = 3*o + 1. Determine h(s).
-2
Let o(s) = s**3 - 5*s**2 + 3*s. Let d(k) = -k**2 - 2*k + 4. Let n be d(2). Let g(b) = b**3 + 3*b**2 - 3*b + 7. Let x be g(n). What is o(x)?
-9
Let h(x) = 2*x**2 - 24*x + 27. Let y be h(11). Let p(u) = u**3 - 3*u**2 - 3*u - 6. Determine p(y).
29
Suppose -4*q + 1 = 3*y - 4*y, 4 = -4*q - 4*y. Let o(c) = -c - 14. Calculate o(q).
-14
Let o be (-10 - -15) + (10/(-4))/((-1)/(-2)). Let q(s) = -2 + 0*s**2 - 7 + s - s**2. What is q(o)?
-9
Let u(j) = j**2 - 23. Let y be u(-5). Let n(p) = -7*p - 2. Give n(y).
-16
Suppose 0 = -8*u + 7*u + 3*y - 1, 0 = -2*u + 2*y + 2. Let o be (11 + -8)*4/u. Let l(g) = -g**2 + 5*g - 1. What is l(o)?
-7
Let p be (89 - 4) + 3 + -2. Suppose -26 = -4*l + p. Suppose 4*o = 5*z - 0*z - l, -2*z + 14 = -3*o. Let t(j) = -j**3 + 5*j**2 - 3*j + 3. What is t(z)?
7
Let r = 38 + -36. Let l(s) = -6*s**3 - 2*s - 7. Let b(p) = p**3 + p**2 + 1. Let d(o) = 5*b(o) + l(o). What is d(r)?
6
Let o(s) be the second derivative of 5*s**3/6 + 5*s**2/2 + 87*s. What is o(-4)?
-15
Let l(h) be the second derivative of -h**7/840 + h**6/72 - h**5/24 + h**4/24 + 5*h**3/2 + 2*h. Let y(a) be the second derivative of l(a). Calculate y(4).
-3
Let q(a) = 3*a + 1. Let d(f) = 3*f. Let y(o) = 3*d(o) - 2*q(o). Suppose 0 = 65*h - 88*h + 69. Determine y(h).
7
Let g be 0/(-3) + 0/3. Let b(j) = -1 + 2*j**2 - j**2 + j**2 - 2*j + g*j**3 + j**3. What is b(-3)?
-4
Let t(k) = -5*k. Let u(a) = a**2 + 6*a - 18. Let v(x) = 7*x - 1. Let g be v(-1). Let l be u(g). Calculate t(l).
10
Let v be -3 + (-4 - (-5 - 4)). Let r(o) = 67 - 3*o**3 + 7*o**2 + v*o**3 - 63. Calculate r(7).
4
Let t(b) = b**3 + 5*b**2 + 2*b - 1. Suppose -5*m - 2 = 3. Let o(i) = 6*i**3 - i**2 + 0*i**2 + 2*i + 1 - i - 2*i**3. Let j be o(m). Determine t(j).
-11
Let t(y) = -9*y + 7. Let w(l) = -l + l - 4 + 3 + l. Let z(q) = t(q) + 5*w(q). Give z(3).
-10
Let w(i) be the third derivative of i**5/30 - i**4/24 + 2*i**3/3 - 4*i**2 - 50. What is w(2)?
10
Let o(d) be the third derivative of 0 + 0*d - 13/120*d**6 + 0*d**4 + 1/60*d**5 - 1/6*d**3 + 18*d**2. Give o(1).
-13
Let h(u) = -u**2 - u + 2. Let m be -10*((-4)/(-1) - 2). Let w = m + 23. Suppose -5*b - w*a - 25 = 0, 4*b + 13 = -0*a - a. Determine h(b).
0
Let j(h) = 10 + 3*h + 3*h**2 + 1 + 4*h**3 - 9 - 3*h**3. Give j(-2).
0
Let l(u) = -u**2 + 7*u + 1. Let i be l(6). Suppose 24 = -5*h + 2*p, -4*p = -5*h - 26 - 2. Let t = h + i. Let w(q) = q**3 - 3*q**2 + q. Give w(t).
3
Let r(q) = -q + 2. Suppose h + 2*y + 11 = 0, 4*h = -3*y - 0 - 24. Let u be -7*h/(-9) - (-4)/(-6). Calculate r(u).
5
Let p(k) = k**2 - 17*k + 47. Suppose -2*x = -2*r - 24, 2*x + 9*r - 13*r - 22 = 0. Determine p(x).
-5
Let f(i) = -7*i**3 - 10*i**2 - 15*i + 19. Let n(v) = -v**3 + v**2 + 1. Let d(p) = f(p) - 6*n(p). Determine d(-15).
13
Let f(q) = 4*q**2 + 6*q + 1. Let j(l) = l. Let c(z) = -f(z) + 6*j(z). Let g = 16 - 25. Let a(s) = s**2 + 8*s - 10. Let v be a(g). Calculate c(v).
-5
Let t(z) = 2*z - 7. Let i(g) = -2*g + 8. Let r be (-10)/35 + 30/7. Let c = 2 - r. Let j(w) = c*i(w) - 3*t(w). Determine j(-4).
13
Suppose 25*p = 87*p - 310. Let b(z) = z**3 - 4*z**2 - 6*z - 7. Calculate b(p).
-12
Suppose 3*q - 6 = f - 2*q, 0 = 5*f + 4*q - 28. Suppose 2*k - 4*h + 2 = -12, 2*k + f = 2*h. Let a(l) = -3*l**2 - 17*l + 2*l**2 + 17*l - 6*l**k. Calculate a(-1).
5
Let k(q) be the second derivative of -q**3/2 - 5*q**2/2 - 3*q. Let d = -1238 + 1233. Determine k(d).
10
Let g(u) = -2*u**2 + 7*u - 4. Suppose 0 = 3*t - 18. Let c(m) be the third derivative of m**4/12 - 4*m**3/3 + 72*m**2. Let z be c(t). Determine g(z).
-8
Let t(d) = -2*d - 12. Suppose 0 = 19*j - 25*j - 54. Determine t(j).
6
Let c(a) be the third derivative of a**4/24 - 13*a**3/6 + 4*a**2 + 17*a. What is c(11)?
-2
Let f(g) = -g. Let l(s) = 2*s**2 - 2*s - 3. Let w be l(3). Let x be (2/(-6))/(w/27). Let v(r) = -8. Let i(q) = x*v(q) - f(q). Determine i(-7).
1
Let c(i) = i**2 - 7. Let g(m) = -2*m**2 - 3*m + 16. Let u(x) = 4*x**2 + 5*x - 31. Let s(t) = -5*g(t) - 3*u(t). Let d(n) = -5*c(n) - 3*s(n). What is d(4)?
12
Suppose -2*f = -11*f + 36. Let n(d) = -12*d - 5*d**2 + 1 + 1 - f + 18*d - d**3. Determine n(-6).
-2
Let o(s) be the third derivative of s**7/2520 - 7*s**6/720 + s**5/60 - 10*s**2. Let c(w) be the third derivative of o(w). What is c(6)?
5
Let z(g) = -6 + 52*g**2 - 51*g**2 + 108*g - 102*g. Give z(-7).
1
Let z(m) = 8 + 3 + m - 8 - 1. What is z(2)?
4
Suppose -b = 4*t - 34 - 13, -2*t = -b - 19. Let s(g) = -g + 15. Let c be s(t). Let j(n) = -c + 2*n**3 - 8*n - 6*n**2 + 10 - n**3. What is j(7)?
-1
Let q(l) = 10*l + 26. Let a be q(-4). Let c be ((a/(-4))/(-7))/(1/(-2)). Let h(d) be the second derivativ